to base 16
-8bd
Convert ef (base 16) to base 11.
1a8
-1010111101101111 (base 2) to base 16
-af6f
Convert 5445 (base 7) to base 5.
30234
What is -864 (base 13) in base 15?
-659
What is 350343 (base 6) in base 14?
acab
Convert 1020 (base 8) to base 15.
253
What is 101000010 (base 2) in base 9?
387
What is -4505 (base 8) in base 2?
-100101000101
-158 (base 11) to base 7
-352
-10100000101000 (base 2) to base 12
-5b48
Convert -10415 (base 6) to base 9.
-1882
What is 81d (base 16) in base 9?
2757
Convert 70479 (base 10) to base 3.
10120200100
What is -1501 (base 8) in base 14?
-437
What is 20ed (base 15) in base 9?
10507
What is 595 (base 10) in base 16?
253
Convert -10340 (base 7) to base 8.
-5020
101000011 (base 2) to base 3
102222
300303 (base 4) to base 9
4250
913 (base 15) to base 4
133323
What is 5007 (base 9) in base 6?
24524
8156 (base 11) to base 3
112212010
What is -3632 (base 7) in base 2?
-10101000010
103 (base 8) to base 11
61
-550 (base 9) to base 16
-1c2
Convert -15560 (base 7) to base 15.
-1488
1a84 (base 13) to base 3
12110222
What is -22222011 (base 3) in base 8?
-14612
Convert 13ca8 (base 15) to base 11.
43876
48c8 (base 13) to base 15
30be
What is 5344 (base 8) in base 15?
c5d
What is 110010101001 (base 2) in base 7?
12310
Convert 506b (base 15) to base 9.
25252
What is -9938 (base 12) in base 9?
-25148
455 (base 11) to base 2
1000100000
Convert -2081 (base 12) to base 15.
-10bd
What is 30013 (base 5) in base 4?
131123
Convert 111010010 (base 2) to base 5.
3331
What is -1030444 (base 5) in base 3?
-220011202
What is 276 (base 15) in base 10?
561
-14331 (base 6) to base 10
-2287
-2bc (base 14) to base 7
-1425
Convert 2010202022 (base 3) to base 7.
233513
Convert -410236 (base 7) to base 10.
-69754
What is -17 (base 16) in base 15?
-18
What is 14343 (base 5) in base 8?
2307
-24385 (base 11) to base 13
-12c61
a4c (base 15) to base 3
10012000
541 (base 8) to base 13
212
Convert 4705 (base 12) to base 10.
7925
322 (base 4) to base 6
134
What is -1211012021 (base 3) in base 10?
-35863
Convert -11023020 (base 4) to base 5.
-1134232
Convert 1001010101010110 (base 2) to base 5.
2210410
What is -7b (base 12) in base 15?
-65
-4126 (base 7) to base 5
-21231
Convert -2220121 (base 3) to base 9.
-2817
What is 2d9c (base 14) in base 9?
12182
-10120121 (base 3) to base 12
-1614
45b (base 13) to base 3
1000212
Convert -576 (base 13) to base 10.
-942
Convert 540 (base 11) to base 3.
220001
What is 455 (base 12) in base 11?
533
What is -541 (base 15) in base 11?
-989
Convert 2f04 (base 16) to base 3.
121111210
120000 (base 5) to base 9
6001
Convert 1966 (base 11) to base 4.
212330
-347 (base 14) to base 15
-2d6
Convert 11000110111110 (base 2) to base 5.
401414
What is -1546 (base 8) in base 9?
-1166
Convert -1454 (base 11) to base 14.
-97c
What is -1530 (base 9) in base 11?
-966
What is 22bb (base 15) in base 10?
7376
Convert -17c5 (base 15) to base 12.
-2b7b
2132020 (base 4) to base 15
2eea
-144 (base 9) to base 3
-11111
333 (base 4) to base 14
47
Convert 38 (base 12) to base 7.
62
b90 (base 12) to base 8
3234
Convert -349 (base 12) to base 9.
-603
4b5c (base 13) to base 8
24744
Convert 1222102 (base 3) to base 7.
4130
Convert 1020222 (base 3) to base 4.
32111
10110100111010 (base 2) to base 15
366d
-3194 (base 10) to base 4
-301322
-17085 (base 9) to base 3
-121002212
What is -862 (base 16) in base 3?
-2221111
-582 (base 9) to base 15
-21e
Convert -27c (base 14) to base 3.
-200121
What is -1037 (base 9) in base 2?
-1011111011
Convert -412441 (base 5) to base 2.
-11010010111000
Convert -1ab (base 16) to base 14.
-227
Convert 230333 (base 4) to base 3.
10221122
What is 2001010 (base 3) in base 4?
113100
What is 11195 (base 12) in base 9?
34145
What is 57 (base 13) in base 7?
132
What is 10625 (base 7) in base 16?
a9a
What is -23254 (base 6) in base 11?
-2572
What is -38be (base 15) in base 6?
-132012
What is 1001001100100100 (base 2) in base 3?
1220200010
Convert 28898 (base 13) to base 2.
10010100110001111
7b (base 12) to base 8
137
283 (base 11) to base 8
515
2651 (base 10) to base 6
20135
Convert -33b5 (base 12) to base 14.
-214d
What is 166 (base 14) in base 12?
1ba
What is -134040 (base 5) in base 15?
-1980
What is -7418 (base 12) in base 6?
-134432
101110110111 (base 2) to base 10
2999
-1110001011110 (base 2) to base 12
-4252
What is -21010001 (base 4) in base 11?
-25987
Convert 272 (base 14) to base 12.
350
6540 (base 7) to base 16
91b
Convert 111010010 (base 2) to base 14.
254
Convert 3c6 (base 13) to base 4.
22131
What is 180c (base 15) in base 8?
12103
What is 31543 (base 6) in base 4?
1003113
Convert 100222011 (base 3) to base 16.
1c63
What is -f08 (base 16) in base 7?
-14135
Convert -14a50 (base 13) to base 5.
-2222404
Convert 1515 (base 8) to base 11.
6a9
-231003 (base 4) to base 12
-1803
What is 333545 (base 6) in base 10?
28073
Convert 204010 (base 5) to base 8.
15143
What is -6860 (base 16) in base 6?
-323412
-232040 (base 5) to base 7
-33322
What is 216e (base 16) in base 5?
233213
-21021123 (base 4) to base 10
-37467
What is -13788 (base 11) in base 12?
-b3b5
8bb7 (base 12) to base 11
10754
Convert -a68 (base 12) to base 4.
-113300
What is 2a651 (base 12) in base 16?
e91d
-1331 (base 4) to base 16
-7d
2407 (base 11) to base 5
100103
577e (base 15) to base 5
1043234
Convert 1405 (base 7) to base 10.
544
Convert -2528 (base 9) to base 15.
-85e
1ac (base 16) to base 12
2b8
343 (base 13) to base 10
562
14433 (base 6) to base 16
915
Convert 885 (base 12) to base 13.
755
What is 1061 (base 10) in base 7?
3044
What is -1010111010111 (base 2) in base 12?
-329b
12034 (base 5) to base 12
626
Convert -10000111100000 (base 2) to base 13.
-3c41
What is -143 (base 15) in base 13?
-192
Convert -115075 (base 8) to base 7.
-223055
10010 (base 3) to base 16
54
Convert 1b81 (base 15) to base 8.
13523
2544 (base 13) to base 6
40303
-439 (base 11) to base 13
-316
6767 (base 10) to base 12
3abb
-123405 (base 7) to base 11
-16183
-11543 (base 6) to base 12
-bb3
-7a6 (base 13) to base 11
-a9a
What is 4420 (base 6) in base 11?
848
What is -17c (base 14) in base 13?
-1a7
-3132 (base 6) to base 7
-2024
-12244 (base 5) to base 6
-4221
Convert -2005 (base 6) to base 13.
-278
Convert -101102200 (base 3) to base 16.
-1db5
Convert 121 (base 12) to base 7.
331
What is 10bf (base 16) in base 2?
1000010111111
What is -21625 (base 9) in base 6?
-150252
Convert a6 (base 14) to base 9.
172
What is -950 (base 10) in base 4?
-32312
Convert 5088 (base 12) to base 16.
2228
What is 120002 (base 3) in base 12?
29b
What is -252 (base 6) in base 14?
-76
What is 2113a (base 11) in base 14?
b305
What is -9a8 (base 13) in base 5?
-23114
Convert -84 (base 14) to base 10.
-116
Convert 1655 (base 12) to base 6.
20145
5db (base 16) to base 10
1499
-31166 (base 9) to base 13
-9480
What is -b0aa (base 15) in base 2?
-1001000110100101
-13399 (base 12) to base 2
-110011101100101
Convert 216215 (base 7) to base 16.
9527
Convert -7b (base 12) to base 10.
-95
What is d087 (base 15) in base 11?
30072
What is 1000111111010 (base 2) in base 6?
33150
What is 981 (base 13) in base 3?
2020020
-1223 (base 11) to base 4
-120332
8c78 (base 13) to base 10
19703
-9998 (base 10) to base 16
-270e
What is 235 (base 11) in base 15?
13a
-2064 (base 7) to base 15
-33c
Convert 12a98 (base 11) to base 12.
a938
Convert -69ca (base 16) to base 14.
-9c26
Convert 3036 (base 11) to base 8.
7700
1a3 (base 15) to base 14
1d0
Convert 2 (base 11) to base 5.
2
What is 303444 (base 5) in base 2?
10011010010010
Convert -111011010010 (base 2) to base 4.
-323102
Convert 111000220 (base 3) to base 4.
2110131
What is -1389 (base 14) in base 11?
-265a
-13708 (base 10) to base 12
-7b24
What is 3423 (base 15) in base 3?
120011120
Convert -1024103 (base 5) to base 11.
-12091
-7544 (base 9) to base 13
-26aa
Convert 22b (base 13) to base 14.
1cb
What is -101100000000 (base 2) in base 6?
-21012
-6999 (base 13) to base 4
-3213231
Convert 2043 (base 8) to base 10.
1059
What is 550420 (base 6) in base 11?
31219
-19 (base 15) to base 3
-220
What is -25312 (base 6) in base 12?
-2238
Convert -322b0 (base 13) to base 5.
-10344213
13b51 (base 14) to base 3
2111001012
Convert -114 (base 14) to base 8.
-326
What is 7e (base 16) in base